der when 2548 is divided by 9?
1
What is the remainder when 6469 is divided by 180?
169
Calculate the remainder when 454 is divided by 121.
91
What is the remainder when 45 is divided by 5?
0
What is the remainder when 2243 is divided by 75?
68
Calculate the remainder when 881 is divided by 42.
41
Calculate the remainder when 207 is divided by 30.
27
What is the remainder when 116 is divided by 43?
30
Calculate the remainder when 747 is divided by 101.
40
Calculate the remainder when 452 is divided by 70.
32
What is the remainder when 270 is divided by 13?
10
What is the remainder when 427 is divided by 80?
27
Calculate the remainder when 1537 is divided by 5.
2
What is the remainder when 7 is divided by 2?
1
Calculate the remainder when 4655 is divided by 2321.
13
Calculate the remainder when 87 is divided by 44.
43
Calculate the remainder when 1718 is divided by 567.
17
What is the remainder when 1230 is divided by 1221?
9
Calculate the remainder when 663 is divided by 19.
17
Calculate the remainder when 957 is divided by 414.
129
What is the remainder when 379 is divided by 215?
164
Calculate the remainder when 6362 is divided by 1589.
6
What is the remainder when 55 is divided by 35?
20
What is the remainder when 169 is divided by 4?
1
What is the remainder when 8515 is divided by 20?
15
Calculate the remainder when 664 is divided by 73.
7
What is the remainder when 116 is divided by 56?
4
What is the remainder when 858 is divided by 32?
26
What is the remainder when 12137 is divided by 119?
118
What is the remainder when 135 is divided by 23?
20
Calculate the remainder when 419 is divided by 5.
4
What is the remainder when 91 is divided by 19?
15
Calculate the remainder when 416 is divided by 30.
26
What is the remainder when 1454 is divided by 16?
14
What is the remainder when 341 is divided by 69?
65
Calculate the remainder when 198 is divided by 50.
48
What is the remainder when 359 is divided by 26?
21
What is the remainder when 251 is divided by 63?
62
What is the remainder when 81 is divided by 33?
15
Calculate the remainder when 4997 is divided by 238.
237
What is the remainder when 29 is divided by 14?
1
What is the remainder when 3210 is divided by 22?
20
Calculate the remainder when 897 is divided by 229.
210
Calculate the remainder when 727 is divided by 104.
103
What is the remainder when 4252 is divided by 185?
182
Calculate the remainder when 11271 is divided by 3756.
3
What is the remainder when 867 is divided by 25?
17
What is the remainder when 544 is divided by 7?
5
Calculate the remainder when 227 is divided by 48.
35
What is the remainder when 1465 is divided by 243?
7
What is the remainder when 403 is divided by 58?
55
Calculate the remainder when 246 is divided by 63.
57
Calculate the remainder when 689 is divided by 33.
29
What is the remainder when 219 is divided by 44?
43
Calculate the remainder when 482 is divided by 12.
2
What is the remainder when 86 is divided by 82?
4
Calculate the remainder when 1025 is divided by 339.
8
What is the remainder when 6 is divided by 2?
0
Calculate the remainder when 39814 is divided by 158.
156
What is the remainder when 103 is divided by 58?
45
What is the remainder when 160 is divided by 42?
34
What is the remainder when 889 is divided by 250?
139
Calculate the remainder when 398 is divided by 67.
63
What is the remainder when 829 is divided by 21?
10
What is the remainder when 167 is divided by 56?
55
What is the remainder when 2728 is divided by 345?
313
What is the remainder when 11313 is divided by 164?
161
What is the remainder when 566 is divided by 71?
69
What is the remainder when 615 is divided by 6?
3
Calculate the remainder when 1021 is divided by 55.
31
What is the remainder when 333 is divided by 16?
13
What is the remainder when 432 is divided by 29?
26
Calculate the remainder when 84 is divided by 22.
18
What is the remainder when 3670 is divided by 72?
70
What is the remainder when 4912 is divided by 980?
12
Calculate the remainder when 692 is divided by 339.
14
Calculate the remainder when 518 is divided by 508.
10
What is the remainder when 1923 is divided by 11?
9
What is the remainder when 9 is divided by 7?
2
Calculate the remainder when 3338 is divided by 21.
20
Calculate the remainder when 2571 is divided by 31.
29
Calculate the remainder when 20703 is divided by 7.
4
Calculate the remainder when 200 is divided by 85.
30
Calculate the remainder when 445 is divided by 119.
88
What is the remainder when 1265 is divided by 24?
17
Calculate the remainder when 68 is divided by 29.
10
What is the remainder when 161 is divided by 147?
14
What is the remainder when 43555 is divided by 484?
479
Calculate the remainder when 1005 is divided by 16.
13
Calculate the remainder when 663 is divided by 130.
13
What is the remainder when 19755 is divided by 74?
71
Calculate the remainder when 470 is divided by 95.
90
Calculate the remainder when 41 is divided by 41.
0
Calculate the remainder when 65 is divided by 35.
30
Calculate the remainder when 74 is divided by 24.
2
Calculate the remainder when 4545 is divided by 350.
345
Calculate the remainder when 116 is divided by 17.
14
Calculate the remainder when 243 is divided by 36.
27
Calculate the remainder when 6813 is divided by 48.
45
Calculate the remainder when 357 is divided by 179.
178
Calculate the remainder when 142 is divided by 25.
17
What is the remainder when 61 is divided by 49?
12
What is the remainder when 12669 is divided by 192?
189
What is the remainder when 60 is divided by 23?
14
Calculate the remainder when 198 is divided by 89.
20
Calculate the remainder when 118 is divided by 41.
36
Calculate the remainder when 1597 is divided by 34.
33
What is the remainder when 189 is divided by 66?
57
What is the remainder when 263 is divided by 4?
3
Calculate the remainder when 33 is divided by 23.
10
Calculate the remainder when 731 is divided by 684.
47
Calculate the remainder when 455 is divided by 67.
53
What is the remainder when 348 is divided by 80?
28
What is the remainder when 37 is divided by 25?
12
What is the remainder when 147 is divided by 17?
11
Calculate the remainder when 33 is divided by 24.
9
What is the remainder when 2129 is divided by 47?
14
What is the remainder when 268 is divided by 15?
13
Calculate the remainder when 38 is divided by 21.
17
What is the remainder when 287 is divided by 4?
3
Calculate the remainder when 771 is divided by 23.
12
Calculate the remainder when 4897 is divided by 86.
81
Calculate the remainder when 1136 is divided by 163.
158
Calculate the remainder when 1832 is divided by 100.
32
What is the remainder when 2951 is divided by 82?
81
What is the remainder when 2308 is divided by 189?
40
What is the remainder when 388 is divided by 221?
167
What is the remainder when 398 is divided by 194?
10
What is the remainder when 211 is divided by 132?
79
What is the remainder when 139 is divided by 80?
59
Calculate the remainder when 540 is divided by 404.
136
What is the remainder when 767 is divided by 96?
95
Calculate the remainder when 134 is divided by 48.
38
Calculate the remainder when 444 is divided by 239.
205
What is the remainder when 249 is divided by 11?
7
What is the remainder when 139 is divided by 57?
25
What is the remainder when 1949 is divided by 65?
64
What is the remainder when 234 is divided by 60?
54
What is the remainder when 1613 is divided by 89?
11
Calculate the remainder when 9430 is divided by 39.
31
Calculate the remainder when 7297 is divided by 20.
17
What is the remainder when 790 is divided by 113?
112
What is the remainder when 1475 is divided by 50?
25
What is the remainder when 61 is divided by 28?
5
What is the remainder when 669 is divided by 16?
13
Calculate the remainder when 18541 is divided by 21.
19
What is the remainder when 1894 is divided by 71?
48
Calculate the remainder when 1974 is divided by 35.
14
Calculate the remainder when 5077 is divided by 154.
149
What is the remainder when 735 is divided by 87?
39
What is the remainder when 37 is divided by 4?
1
Calculate the remainder when 190 is divided by 92.
6
What is the remainder when 476 is divided by 153?
17
What is the remainder when 1477 is divided by 74?
71
Calcul